{"id":626,"date":"2017-06-02T05:01:47","date_gmt":"2017-06-02T05:01:47","guid":{"rendered":"http:\/\/demo.archiwp.com\/fullscreen-version\/?page_id=626"},"modified":"2017-12-09T13:46:12","modified_gmt":"2017-12-09T13:46:12","slug":"our-services-4","status":"publish","type":"page","link":"https:\/\/mastervisual.com.br\/?page_id=626","title":{"rendered":"Nossos Servi\u00e7os"},"content":{"rendered":"<p>[vc_row css=&#8221;.vc_custom_1453975727142{padding-top: 90px !important;padding-bottom: 30px !important;}&#8221;][vc_column 0=&#8221;&#8221;]<div id=\"services-masonry\" class=\"masonry row\">\n\t\n\t<div class=\"col-md-3 item\">\n\t\t\n\t\t\t\t\t\n\t\t\t<h3>LETRA CAIXA<\/h3>\n\t\t\t<p>Os letreiros (letra bloco ou letra caixa) podem ser aplicados em fachadas para identifica\u00e7\u00e3o da sua empresa valorizando-a ainda mais.<\/p>\n\t\t\t\t\t\t\t<div class=\"spacer-single-10\"><\/div>\n\t\t        <a href=\"https:\/\/mastervisual.com.br\/?service=hospitally-design\"><img loading=\"lazy\" decoding=\"async\" width=\"800\" height=\"385\" src=\"https:\/\/mastervisual.com.br\/wp-content\/uploads\/2015\/08\/destaque_adesivo1.jpg\" class=\"img-responsive wp-post-image\" alt=\"\" srcset=\"https:\/\/mastervisual.com.br\/wp-content\/uploads\/2015\/08\/destaque_adesivo1.jpg 800w, https:\/\/mastervisual.com.br\/wp-content\/uploads\/2015\/08\/destaque_adesivo1-300x144.jpg 300w, https:\/\/mastervisual.com.br\/wp-content\/uploads\/2015\/08\/destaque_adesivo1-768x370.jpg 768w\" sizes=\"(max-width: 800px) 100vw, 800px\" \/><\/a>\n\t\t\t\t\t\t\t\t\t\t<div class=\"spacer-single\"><\/div>\t\t\t\n\t\t\t\t<a href=\"https:\/\/mastervisual.com.br\/?service=hospitally-design\" class=\"btn-line btn-fullwidth\">LEIA MAIS<\/a>\t\t\n\t\t\t\n\t\t\n\t<\/div>\n\n\t\n\t<div class=\"col-md-3 item\">\n\t\t\n\t\t\t\t\t\n\t\t\t<h3>ADESIVOS<\/h3>\n\t\t\t<p>Outro recurso bastante utilizado na comunica\u00e7\u00e3o visual \u00e9 a adesiva\u00e7\u00e3o. A impress\u00e3o digital sobre a pel\u00edcula de vinil serve para decora\u00e7\u00e3o de vitrines.<\/p>\n\t\t\t\t\t\t\t<div class=\"spacer-single-10\"><\/div>\n\t\t        <a href=\"https:\/\/mastervisual.com.br\/?service=residential-design\"><img loading=\"lazy\" decoding=\"async\" width=\"800\" height=\"385\" src=\"https:\/\/mastervisual.com.br\/wp-content\/uploads\/2015\/08\/destaque_adesivo_novo.jpg\" class=\"img-responsive wp-post-image\" alt=\"\" srcset=\"https:\/\/mastervisual.com.br\/wp-content\/uploads\/2015\/08\/destaque_adesivo_novo.jpg 800w, https:\/\/mastervisual.com.br\/wp-content\/uploads\/2015\/08\/destaque_adesivo_novo-300x144.jpg 300w, https:\/\/mastervisual.com.br\/wp-content\/uploads\/2015\/08\/destaque_adesivo_novo-768x370.jpg 768w\" sizes=\"(max-width: 800px) 100vw, 800px\" \/><\/a>\n\t\t\t\t\t\t\t\t\t\t<div class=\"spacer-single\"><\/div>\t\t\t\n\t\t\t\t<a href=\"https:\/\/mastervisual.com.br\/?service=residential-design\" class=\"btn-line btn-fullwidth\">LEIA MAIS<\/a>\t\t\n\t\t\t\n\t\t\n\t<\/div>\n\n\t\n\t<div class=\"col-md-3 item\">\n\t\t\n\t\t\t\t\t\n\t\t\t<h3>ACM<\/h3>\n\t\t\t<p>Conhecidos como Letra Bloco ou Letra Caixa \u00e9 um produto que atende a diversas necessidades tanto em comunica\u00e7\u00e3o interna como externa. <\/p>\n\t\t\t\t\t\t\t<div class=\"spacer-single-10\"><\/div>\n\t\t        <a href=\"https:\/\/mastervisual.com.br\/?service=office-design\"><img loading=\"lazy\" decoding=\"async\" width=\"800\" height=\"385\" src=\"https:\/\/mastervisual.com.br\/wp-content\/uploads\/2015\/08\/destaque_acm.jpg\" class=\"img-responsive wp-post-image\" alt=\"\" srcset=\"https:\/\/mastervisual.com.br\/wp-content\/uploads\/2015\/08\/destaque_acm.jpg 800w, https:\/\/mastervisual.com.br\/wp-content\/uploads\/2015\/08\/destaque_acm-300x144.jpg 300w, https:\/\/mastervisual.com.br\/wp-content\/uploads\/2015\/08\/destaque_acm-768x370.jpg 768w\" sizes=\"(max-width: 800px) 100vw, 800px\" \/><\/a>\n\t\t\t\t\t\t\t\t\t\t<div class=\"spacer-single\"><\/div>\t\t\t\n\t\t\t\t<a href=\"https:\/\/mastervisual.com.br\/?service=office-design\" class=\"btn-line btn-fullwidth\">LEIA MAIS<\/a>\t\t\n\t\t\t\n\t\t\n\t<\/div>\n\n\t\n\t<div class=\"col-md-3 item\">\n\t\t\n\t\t\t\t\t\n\t\t\t<h3>PAIN\u00c9IS<\/h3>\n\t\t\t<p>O revestimento de fachada possui como um de seus objetivos valorizar a edifica\u00e7\u00e3o, bem como estabelecer uma linguagem entre ela e a marca anunciante. <\/p>\n\t\t\t\t\t\t\t<div class=\"spacer-single-10\"><\/div>\n\t\t        <a href=\"https:\/\/mastervisual.com.br\/?service=commercial-design\"><img loading=\"lazy\" decoding=\"async\" width=\"800\" height=\"385\" src=\"https:\/\/mastervisual.com.br\/wp-content\/uploads\/2015\/08\/destaque_paineis.jpg\" class=\"img-responsive wp-post-image\" alt=\"\" srcset=\"https:\/\/mastervisual.com.br\/wp-content\/uploads\/2015\/08\/destaque_paineis.jpg 800w, https:\/\/mastervisual.com.br\/wp-content\/uploads\/2015\/08\/destaque_paineis-300x144.jpg 300w, https:\/\/mastervisual.com.br\/wp-content\/uploads\/2015\/08\/destaque_paineis-768x370.jpg 768w\" sizes=\"(max-width: 800px) 100vw, 800px\" \/><\/a>\n\t\t\t\t\t\t\t\t\t\t<div class=\"spacer-single\"><\/div>\t\t\t\n\t\t\t\t<a href=\"https:\/\/mastervisual.com.br\/?service=commercial-design\" class=\"btn-line btn-fullwidth\">LEIA MAIS<\/a>\t\t\n\t\t\t\n\t\t\n\t<\/div>\n\n\t\t\n<\/div>\t\n\n[\/vc_column][\/vc_row][vc_row el_class=&#8221;call-to-action bg-color dark text-center&#8221; css=&#8221;.vc_custom_1453975681358{padding-top: 60px !important;padding-bottom: 60px !important;}&#8221;][vc_column 0=&#8221;&#8221;]\t\t\t\n\n\t\t\t<a href=\"http:\/\/mastervisual.com.br\/?page_id=256%20\" class=\"btn btn-line-black btn-big \">Fa\u00e7a uma cota\u00e7\u00e3o<\/a>\n\t    \n[\/vc_column][\/vc_row][vc_row][vc_column][vc_separator color=&#8221;black&#8221;][\/vc_column][\/vc_row]<\/p>\n","protected":false},"excerpt":{"rendered":"<p>[vc_row css=&#8221;.vc_custom_1453975727142{padding-top: 90px !important;padding-bottom: 30px !important;}&#8221;][vc_column 0=&#8221;&#8221;][\/vc_column][\/vc_row][vc_row el_class=&#8221;call-to-action bg-color dark text-center&#8221; css=&#8221;.vc_custom_1453975681358{padding-top: 60px !important;padding-bottom: 60px !important;}&#8221;][vc_column 0=&#8221;&#8221;][\/vc_column][\/vc_row][vc_row][vc_column][vc_separator color=&#8221;black&#8221;][\/vc_column][\/vc_row]<\/p>\n","protected":false},"author":1,"featured_media":0,"parent":0,"menu_order":0,"comment_status":"closed","ping_status":"closed","template":"page-templates\/template-fullwidth.php","meta":{"footnotes":""},"_links":{"self":[{"href":"https:\/\/mastervisual.com.br\/index.php?rest_route=\/wp\/v2\/pages\/626"}],"collection":[{"href":"https:\/\/mastervisual.com.br\/index.php?rest_route=\/wp\/v2\/pages"}],"about":[{"href":"https:\/\/mastervisual.com.br\/index.php?rest_route=\/wp\/v2\/types\/page"}],"author":[{"embeddable":true,"href":"https:\/\/mastervisual.com.br\/index.php?rest_route=\/wp\/v2\/users\/1"}],"replies":[{"embeddable":true,"href":"https:\/\/mastervisual.com.br\/index.php?rest_route=%2Fwp%2Fv2%2Fcomments&post=626"}],"version-history":[{"count":8,"href":"https:\/\/mastervisual.com.br\/index.php?rest_route=\/wp\/v2\/pages\/626\/revisions"}],"predecessor-version":[{"id":2114,"href":"https:\/\/mastervisual.com.br\/index.php?rest_route=\/wp\/v2\/pages\/626\/revisions\/2114"}],"wp:attachment":[{"href":"https:\/\/mastervisual.com.br\/index.php?rest_route=%2Fwp%2Fv2%2Fmedia&parent=626"}],"curies":[{"name":"wp","href":"https:\/\/api.w.org\/{rel}","templated":true}]}}